Last updated on 2025-07-04 20:49:10 CEST.
Flavor | Version | Tinstall | Tcheck | Ttotal | Status | Flags |
---|---|---|---|---|---|---|
r-devel-linux-x86_64-debian-clang | 1.1.1 | 11.51 | 31.39 | 42.90 | NOTE | |
r-devel-linux-x86_64-debian-gcc | 1.1.1 | 8.46 | 23.54 | 32.00 | NOTE | |
r-devel-linux-x86_64-fedora-clang | 1.1.1 | 73.47 | OK | |||
r-devel-linux-x86_64-fedora-gcc | 1.1.1 | 70.99 | OK | |||
r-devel-windows-x86_64 | 1.1.1 | 15.00 | 66.00 | 81.00 | OK | |
r-patched-linux-x86_64 | 1.1.1 | 12.01 | 29.84 | 41.85 | OK | |
r-release-linux-x86_64 | 1.1.1 | 11.73 | 29.02 | 40.75 | OK | |
r-release-macos-arm64 | 1.1.1 | 29.00 | OK | |||
r-release-macos-x86_64 | 1.1.1 | 37.00 | OK | |||
r-release-windows-x86_64 | 1.1.1 | 13.00 | 66.00 | 79.00 | OK | |
r-oldrel-macos-arm64 | 1.1.1 | 25.00 | OK | |||
r-oldrel-macos-x86_64 | 1.1.1 | 34.00 | OK | |||
r-oldrel-windows-x86_64 | 1.1.1 | 16.00 | 75.00 | 91.00 | OK |
Version: 1.1.1
Check: CRAN incoming feasibility
Result: NOTE
Maintainer: ‘Daewoo Pak <heavyrain.pak@gmail.com>’
No Authors@R field in DESCRIPTION.
Please add one, modifying
Authors@R: c(person(given = "Daewoo",
family = "Pak",
role = c("aut", "cre"),
email = "heavyrain.pak@gmail.com"),
person(given = "Song",
family = "Yang",
role = "aut"))
as necessary.
Found the following \keyword or \concept entries
which likely give several index terms:
File ‘ClinicalTrialSummary-package.Rd’:
\keyword{Survival analysis, Clinical trials, Hazar [TRUNCATED]
Flavors: r-devel-linux-x86_64-debian-clang, r-devel-linux-x86_64-debian-gcc