Last updated on 2025-10-31 20:48:35 CET.
| Flavor | Version | Tinstall | Tcheck | Ttotal | Status | Flags | 
|---|---|---|---|---|---|---|
| r-devel-linux-x86_64-debian-clang | 1.3 | 5.87 | 59.58 | 65.45 | NOTE | |
| r-devel-linux-x86_64-debian-gcc | 1.3 | 5.26 | 42.30 | 47.56 | NOTE | |
| r-devel-linux-x86_64-fedora-clang | 1.3 | 28.00 | 79.97 | 107.97 | OK | |
| r-devel-linux-x86_64-fedora-gcc | 1.3 | 15.00 | 78.32 | 93.32 | OK | |
| r-devel-windows-x86_64 | 1.3 | 9.00 | 65.00 | 74.00 | OK | |
| r-patched-linux-x86_64 | 1.3 | 6.15 | 54.37 | 60.52 | OK | |
| r-release-linux-x86_64 | 1.3 | 5.40 | 54.53 | 59.93 | OK | |
| r-release-macos-arm64 | 1.3 | 4.00 | 25.00 | 29.00 | OK | |
| r-release-macos-x86_64 | 1.3 | 5.00 | 39.00 | 44.00 | OK | |
| r-release-windows-x86_64 | 1.3 | 9.00 | 68.00 | 77.00 | OK | |
| r-oldrel-macos-arm64 | 1.3 | 3.00 | 24.00 | 27.00 | NOTE | |
| r-oldrel-macos-x86_64 | 1.3 | 5.00 | 35.00 | 40.00 | NOTE | |
| r-oldrel-windows-x86_64 | 1.3 | 12.00 | 82.00 | 94.00 | NOTE | 
Version: 1.3
Check: CRAN incoming feasibility
Result: NOTE
  Maintainer: ‘Davide Altomare <davide.altomare@gmail.com>’
  
  No Authors@R field in DESCRIPTION.
  Please add one, modifying
    Authors@R: person(given = "Davide",
                      family = "Altomare",
                      role = c("aut", "cre"),
                      email = "davide.altomare@gmail.com")
  as necessary.
Flavors: r-devel-linux-x86_64-debian-clang, r-devel-linux-x86_64-debian-gcc
Version: 1.3
Check: LazyData
Result: NOTE
    'LazyData' is specified without a 'data' directory
Flavors: r-oldrel-macos-arm64, r-oldrel-macos-x86_64, r-oldrel-windows-x86_64