Last updated on 2025-11-02 16:48:27 CET.
| Flavor | Version | Tinstall | Tcheck | Ttotal | Status | Flags |
|---|---|---|---|---|---|---|
| r-devel-linux-x86_64-debian-clang | 1.0.0 | 12.35 | 102.89 | 115.24 | NOTE | |
| r-devel-linux-x86_64-debian-gcc | 1.0.0 | 8.42 | 72.12 | 80.54 | NOTE | |
| r-devel-linux-x86_64-fedora-clang | 1.0.0 | 48.00 | 137.21 | 185.21 | OK | |
| r-devel-linux-x86_64-fedora-gcc | 1.0.0 | 26.00 | 134.37 | 160.37 | OK | |
| r-devel-windows-x86_64 | 1.0.0 | 12.00 | 96.00 | 108.00 | OK | |
| r-patched-linux-x86_64 | 1.0.0 | 11.75 | 91.58 | 103.33 | OK | |
| r-release-linux-x86_64 | 1.0.0 | 10.56 | 93.09 | 103.65 | OK | |
| r-release-macos-arm64 | 1.0.0 | 5.00 | 41.00 | 46.00 | OK | |
| r-release-macos-x86_64 | 1.0.0 | 9.00 | 76.00 | 85.00 | OK | |
| r-release-windows-x86_64 | 1.0.0 | 12.00 | 94.00 | 106.00 | OK | |
| r-oldrel-macos-arm64 | 1.0.0 | 5.00 | 42.00 | 47.00 | OK | |
| r-oldrel-macos-x86_64 | 1.0.0 | 9.00 | 61.00 | 70.00 | OK | |
| r-oldrel-windows-x86_64 | 1.0.0 | 19.00 | 125.00 | 144.00 | OK |
Version: 1.0.0
Check: CRAN incoming feasibility
Result: NOTE
Maintainer: ‘Michal Burdukiewicz <michalburdukiewicz@gmail.com>’
Package CITATION file contains call(s) to old-style citEntry(). Please
use bibentry() instead.
Flavors: r-devel-linux-x86_64-debian-clang, r-devel-linux-x86_64-debian-gcc