Last updated on 2025-11-01 04:50:24 CET.
| Flavor | Version | Tinstall | Tcheck | Ttotal | Status | Flags |
|---|---|---|---|---|---|---|
| r-devel-linux-x86_64-debian-clang | 1.2.0 | 13.36 | 108.21 | 121.57 | OK | |
| r-devel-linux-x86_64-debian-gcc | 1.2.0 | 9.05 | 78.91 | 87.96 | OK | |
| r-devel-linux-x86_64-fedora-clang | 1.2.0 | 71.00 | 131.32 | 202.32 | OK | |
| r-devel-linux-x86_64-fedora-gcc | 1.2.0 | 83.00 | 108.70 | 191.70 | OK | |
| r-devel-windows-x86_64 | 1.2.0 | 14.00 | 103.00 | 117.00 | OK | |
| r-patched-linux-x86_64 | 1.2.0 | 11.71 | 101.89 | 113.60 | OK | |
| r-release-linux-x86_64 | 1.2.0 | 12.16 | 101.59 | 113.75 | OK | |
| r-release-macos-arm64 | 1.2.0 | 5.00 | 45.00 | 50.00 | OK | |
| r-release-macos-x86_64 | 1.2.0 | 11.00 | 81.00 | 92.00 | OK | |
| r-release-windows-x86_64 | 1.2.0 | 14.00 | 105.00 | 119.00 | OK | |
| r-oldrel-macos-arm64 | 1.2.0 | 5.00 | 45.00 | 50.00 | NOTE | |
| r-oldrel-macos-x86_64 | 1.2.0 | 9.00 | 72.00 | 81.00 | NOTE | |
| r-oldrel-windows-x86_64 | 1.2.0 | 17.00 | 129.00 | 146.00 | NOTE |
Version: 1.2.0
Check: LazyData
Result: NOTE
'LazyData' is specified without a 'data' directory
Flavors: r-oldrel-macos-arm64, r-oldrel-macos-x86_64, r-oldrel-windows-x86_64