Last updated on 2025-10-31 18:51:01 CET.
| Flavor | Version | Tinstall | Tcheck | Ttotal | Status | Flags | 
|---|---|---|---|---|---|---|
| r-devel-linux-x86_64-debian-clang | 1.8 | 5.51 | 39.75 | 45.26 | NOTE | |
| r-devel-linux-x86_64-debian-gcc | 1.8 | 3.23 | 28.79 | 32.02 | NOTE | |
| r-devel-linux-x86_64-fedora-clang | 1.8 | 12.00 | 56.35 | 68.35 | OK | |
| r-devel-linux-x86_64-fedora-gcc | 1.8 | 10.00 | 55.14 | 65.14 | OK | |
| r-devel-windows-x86_64 | 1.8 | 6.00 | 61.00 | 67.00 | OK | |
| r-patched-linux-x86_64 | 1.8 | 4.84 | 37.47 | 42.31 | OK | |
| r-release-linux-x86_64 | 1.8 | 4.81 | 37.33 | 42.14 | OK | |
| r-release-macos-arm64 | 1.8 | 3.00 | 20.00 | 23.00 | OK | |
| r-release-macos-x86_64 | 1.8 | 5.00 | 37.00 | 42.00 | OK | |
| r-release-windows-x86_64 | 1.8 | 7.00 | 63.00 | 70.00 | OK | |
| r-oldrel-macos-arm64 | 1.8 | 2.00 | 20.00 | 22.00 | OK | |
| r-oldrel-macos-x86_64 | 1.8 | 3.00 | 29.00 | 32.00 | OK | |
| r-oldrel-windows-x86_64 | 1.8 | 9.00 | 74.00 | 83.00 | OK | 
Version: 1.8
Check: CRAN incoming feasibility
Result: NOTE
  Maintainer: ‘Andreas Kuehnapfel <andreas.kuehnapfel@imise.uni-leipzig.de>’
  
  No Authors@R field in DESCRIPTION.
  Please add one, modifying
    Authors@R: person(given = "Andreas",
                      family = "Kuehnapfel",
                      role = c("aut", "cre"),
                      email = "andreas.kuehnapfel@imise.uni-leipzig.de")
  as necessary.
Flavors: r-devel-linux-x86_64-debian-clang, r-devel-linux-x86_64-debian-gcc