Last updated on 2024-05-09 23:07:14 CEST.
Flavor | Version | Tinstall | Tcheck | Ttotal | Status | Flags |
---|---|---|---|---|---|---|
r-devel-linux-x86_64-debian-clang | 1.2.0 | 21.47 | 145.68 | 167.15 | OK | |
r-devel-linux-x86_64-debian-gcc | 1.2.0 | 15.86 | 104.82 | 120.68 | OK | |
r-devel-linux-x86_64-fedora-clang | 1.2.0 | 206.82 | NOTE | |||
r-devel-linux-x86_64-fedora-gcc | 1.2.0 | 250.15 | NOTE | |||
r-devel-windows-x86_64 | 1.2.0 | 18.00 | 121.00 | 139.00 | OK | |
r-patched-linux-x86_64 | 1.2.0 | 20.21 | 134.30 | 154.51 | OK | |
r-release-linux-x86_64 | 1.2.0 | 14.88 | 137.72 | 152.60 | OK | |
r-release-macos-arm64 | 1.2.0 | 58.00 | OK | |||
r-release-windows-x86_64 | 1.2.0 | 17.00 | 143.00 | 160.00 | OK | |
r-oldrel-macos-arm64 | 1.2.0 | 60.00 | OK | |||
r-oldrel-macos-x86_64 | 1.2.0 | 95.00 | OK | |||
r-oldrel-windows-x86_64 | 1.2.0 | 22.00 | 148.00 | 170.00 | OK |
Version: 1.2.0
Check: dependencies in R code
Result: NOTE
Namespace in Imports field not imported from: ‘magrittr’
All declared Imports should be used.
Flavors: r-devel-linux-x86_64-fedora-clang, r-devel-linux-x86_64-fedora-gcc