CRAN Package Check Results for Package CCP

Last updated on 2025-05-25 23:49:27 CEST.

Flavor Version Tinstall Tcheck Ttotal Status Flags
r-devel-linux-x86_64-debian-clang 1.2 1.72 26.35 28.07 NOTE
r-devel-linux-x86_64-debian-gcc 1.2 1.49 19.07 20.56 NOTE
r-devel-linux-x86_64-fedora-clang 1.2 44.00 OK
r-devel-linux-x86_64-fedora-gcc 1.2 41.93 OK
r-devel-windows-x86_64 1.2 3.00 48.00 51.00 OK
r-patched-linux-x86_64 1.2 1.80 24.85 26.65 OK
r-release-linux-x86_64 1.2 1.85 24.56 26.41 OK
r-release-macos-arm64 1.2 17.00 OK
r-release-macos-x86_64 1.2 30.00 OK
r-release-windows-x86_64 1.2 3.00 48.00 51.00 OK
r-oldrel-macos-arm64 1.2 21.00 OK
r-oldrel-macos-x86_64 1.2 36.00 OK
r-oldrel-windows-x86_64 1.2 3.00 46.00 49.00 OK

Check Details

Version: 1.2
Check: CRAN incoming feasibility
Result: NOTE Maintainer: ‘Uwe Menzel <uwemenzel@gmail.com>’ No Authors@R field in DESCRIPTION. Please add one, modifying Authors@R: person(given = "Uwe", family = "Menzel", role = c("aut", "cre"), email = "uwemenzel@gmail.com") as necessary. Flavors: r-devel-linux-x86_64-debian-clang, r-devel-linux-x86_64-debian-gcc