Last updated on 2025-05-22 23:52:10 CEST.
Flavor | Version | Tinstall | Tcheck | Ttotal | Status | Flags |
---|---|---|---|---|---|---|
r-devel-linux-x86_64-debian-clang | 1.0.1 | 1.26 | 13.07 | 14.33 | NOTE | |
r-devel-linux-x86_64-debian-gcc | 1.0.1 | 1.12 | 10.78 | 11.90 | NOTE | |
r-devel-linux-x86_64-fedora-clang | 1.0.1 | 22.45 | OK | |||
r-devel-linux-x86_64-fedora-gcc | 1.0.1 | 21.88 | OK | |||
r-devel-windows-x86_64 | 1.0.1 | 2.00 | 34.00 | 36.00 | OK | |
r-patched-linux-x86_64 | 1.0.1 | 1.33 | 12.34 | 13.67 | OK | |
r-release-linux-x86_64 | 1.0.1 | 1.41 | 12.35 | 13.76 | OK | |
r-release-macos-arm64 | 1.0.1 | 16.00 | OK | |||
r-release-macos-x86_64 | 1.0.1 | 21.00 | OK | |||
r-release-windows-x86_64 | 1.0.1 | 3.00 | 36.00 | 39.00 | OK | |
r-oldrel-macos-arm64 | 1.0.1 | 18.00 | OK | |||
r-oldrel-macos-x86_64 | 1.0.1 | 17.00 | OK | |||
r-oldrel-windows-x86_64 | 1.0.1 | 2.00 | 35.00 | 37.00 | OK |
Version: 1.0.1
Check: CRAN incoming feasibility
Result: NOTE
Maintainer: ‘Thomas Wieland <thomas.wieland.kit@googlemail.com>’
No Authors@R field in DESCRIPTION.
Please add one, modifying
Authors@R: person(given = "Thomas",
family = "Wieland",
role = c("aut", "cre"),
email = "thomas.wieland.kit@googlemail.com")
as necessary.
Flavors: r-devel-linux-x86_64-debian-clang, r-devel-linux-x86_64-debian-gcc