CRAN Package Check Results for Package BootPR

Last updated on 2025-11-21 14:49:39 CET.

Flavor Version Tinstall Tcheck Ttotal Status Flags
r-devel-linux-x86_64-debian-clang 1.0 4.47 36.33 40.80 NOTE
r-devel-linux-x86_64-debian-gcc 1.0 2.64 25.60 28.24 NOTE
r-devel-linux-x86_64-fedora-clang 1.0 63.93 OK
r-devel-windows-x86_64 1.0 6.00 46.00 52.00 OK
r-patched-linux-x86_64 1.0 4.29 33.42 37.71 OK
r-release-linux-x86_64 1.0 3.89 34.14 38.03 OK
r-release-macos-arm64 1.0 OK
r-release-macos-x86_64 1.0 6.00 46.00 52.00 OK
r-release-windows-x86_64 1.0 6.00 46.00 52.00 OK
r-oldrel-macos-arm64 1.0 OK
r-oldrel-macos-x86_64 1.0 5.00 41.00 46.00 OK
r-oldrel-windows-x86_64 1.0 5.00 49.00 54.00 OK

Check Details

Version: 1.0
Check: CRAN incoming feasibility
Result: NOTE Maintainer: ‘Jae H. Kim <jaekim8080@gmail.com>’ No Authors@R field in DESCRIPTION. Please add one, modifying Authors@R: c(person(given = c("Jae.", "H."), family = "Kim", role = "aut", email = "jaekim8080@gmail.com"), person(given = c("Jae", "H."), family = "Kim", role = "cre", email = "jaekim8080@gmail.com")) as necessary. Flavors: r-devel-linux-x86_64-debian-clang, r-devel-linux-x86_64-debian-gcc