Last updated on 2025-10-31 15:48:32 CET.
| Flavor | Version | Tinstall | Tcheck | Ttotal | Status | Flags | 
|---|---|---|---|---|---|---|
| r-devel-linux-x86_64-debian-clang | 0.3.1 | 12.54 | 92.55 | 105.09 | NOTE | |
| r-devel-linux-x86_64-debian-gcc | 0.3.1 | 8.56 | 62.52 | 71.08 | NOTE | |
| r-devel-linux-x86_64-fedora-clang | 0.3.1 | 32.00 | 126.45 | 158.45 | OK | |
| r-devel-linux-x86_64-fedora-gcc | 0.3.1 | 33.00 | 117.89 | 150.89 | OK | |
| r-devel-windows-x86_64 | 0.3.1 | 13.00 | 90.00 | 103.00 | OK | |
| r-patched-linux-x86_64 | 0.3.1 | 13.04 | 83.45 | 96.49 | OK | |
| r-release-linux-x86_64 | 0.3.1 | 11.68 | 83.77 | 95.45 | OK | |
| r-release-macos-arm64 | 0.3.1 | 5.00 | 35.00 | 40.00 | OK | |
| r-release-macos-x86_64 | 0.3.1 | 10.00 | 58.00 | 68.00 | OK | |
| r-release-windows-x86_64 | 0.3.1 | 15.00 | 93.00 | 108.00 | OK | |
| r-oldrel-macos-arm64 | 0.3.1 | 5.00 | 30.00 | 35.00 | OK | |
| r-oldrel-macos-x86_64 | 0.3.1 | 7.00 | 44.00 | 51.00 | OK | |
| r-oldrel-windows-x86_64 | 0.3.1 | 19.00 | 119.00 | 138.00 | OK | 
Version: 0.3.1
Check: CRAN incoming feasibility
Result: NOTE
  Maintainer: ‘De Troyer Ewoud <ewoud.detroyer@uhasselt.be>’
  
  No Authors@R field in DESCRIPTION.
  Please add one, modifying
    Authors@R: person(given = c("De", "Troyer"),
                      family = "Ewoud",
                      role = c("aut", "cre"),
                      email = "ewoud.detroyer@uhasselt.be")
  as necessary.
Flavors: r-devel-linux-x86_64-debian-clang, r-devel-linux-x86_64-debian-gcc