Last updated on 2024-05-10 00:54:54 CEST.
Flavor | Version | Tinstall | Tcheck | Ttotal | Status | Flags |
---|---|---|---|---|---|---|
r-devel-linux-x86_64-debian-clang | 2.2 | 4.65 | 40.17 | 44.82 | OK | |
r-devel-linux-x86_64-debian-gcc | 2.2 | 3.33 | 30.47 | 33.80 | OK | |
r-devel-linux-x86_64-fedora-clang | 2.2 | 55.77 | NOTE | |||
r-devel-linux-x86_64-fedora-gcc | 2.2 | 53.14 | NOTE | |||
r-devel-windows-x86_64 | 2.2 | 4.00 | 52.00 | 56.00 | OK | |
r-patched-linux-x86_64 | 2.2 | 4.29 | 39.59 | 43.88 | OK | |
r-release-linux-x86_64 | 2.2 | 4.20 | 39.97 | 44.17 | OK | |
r-release-macos-arm64 | 2.2 | 22.00 | OK | |||
r-release-windows-x86_64 | 2.2 | 5.00 | 51.00 | 56.00 | OK | |
r-oldrel-macos-arm64 | 2.2 | 27.00 | OK | |||
r-oldrel-macos-x86_64 | 2.2 | 53.00 | OK | |||
r-oldrel-windows-x86_64 | 2.2 | 5.00 | 57.00 | 62.00 | OK |
Version: 2.2
Check: data for non-ASCII characters
Result: NOTE
Note: found 42 marked UTF-8 strings
Flavors: r-devel-linux-x86_64-fedora-clang, r-devel-linux-x86_64-fedora-gcc