Last updated on 2024-03-29 13:52:40 CET.
Flavor | Version | Tinstall | Tcheck | Ttotal | Status | Flags |
---|---|---|---|---|---|---|
r-devel-linux-x86_64-debian-clang | 1.2.0 | 34.25 | 365.60 | 399.85 | NOTE | |
r-devel-linux-x86_64-debian-gcc | 1.2.0 | 27.55 | 284.54 | 312.09 | NOTE | |
r-devel-linux-x86_64-fedora-clang | 1.2.0 | 569.90 | NOTE | |||
r-devel-linux-x86_64-fedora-gcc | 1.2.0 | 517.44 | NOTE | |||
r-devel-windows-x86_64 | 1.2.0 | 30.00 | 230.00 | 260.00 | NOTE | --no-vignettes |
r-patched-linux-x86_64 | 1.2.0 | 29.90 | 386.64 | 416.54 | NOTE | |
r-release-linux-x86_64 | 1.2.0 | 22.79 | 382.11 | 404.90 | OK | |
r-release-macos-arm64 | 1.2.0 | 140.00 | OK | |||
r-release-macos-x86_64 | 1.2.0 | 224.00 | NOTE | |||
r-release-windows-x86_64 | 1.2.0 | 37.00 | 260.00 | 297.00 | OK | --no-vignettes |
r-oldrel-macos-arm64 | 1.2.0 | 128.00 | OK | |||
r-oldrel-windows-x86_64 | 1.2.0 | 35.00 | 275.00 | 310.00 | OK | --no-vignettes |
Version: 1.2.0
Check: Rd files
Result: NOTE
checkRd: (-1) pnbd.mcmc.DrawParameters.Rd:45: Lost braces in \itemize; \value handles \item{}{} directly
checkRd: (-1) pnbd.mcmc.DrawParameters.Rd:46: Lost braces in \itemize; \value handles \item{}{} directly
Flavors: r-devel-linux-x86_64-debian-clang, r-devel-linux-x86_64-debian-gcc, r-devel-linux-x86_64-fedora-clang, r-devel-linux-x86_64-fedora-gcc, r-patched-linux-x86_64
Version: 1.2.0
Flags: --no-vignettes
Check: Rd files
Result: NOTE
checkRd: (-1) pnbd.mcmc.DrawParameters.Rd:45: Lost braces in \itemize; \value handles \item{}{} directly
checkRd: (-1) pnbd.mcmc.DrawParameters.Rd:46: Lost braces in \itemize; \value handles \item{}{} directly
Flavor: r-devel-windows-x86_64
Version: 1.2.0
Check: package dependencies
Result: NOTE
Package suggested but not available for checking: ‘gsl’
Flavor: r-release-macos-x86_64