CRAN Package Check Results for Package BINtools

Last updated on 2025-04-29 10:50:28 CEST.

Flavor Version Tinstall Tcheck Ttotal Status Flags
r-devel-linux-x86_64-debian-clang 0.2.0 621.53 205.10 826.63 OK
r-devel-linux-x86_64-debian-gcc 0.2.0 628.66 228.37 857.03 OK
r-devel-linux-x86_64-fedora-clang 0.2.0 1331.14 OK
r-devel-linux-x86_64-fedora-gcc 0.2.0 2040.99 OK
r-devel-windows-x86_64 0.2.0 744.00 356.00 1100.00 OK
r-patched-linux-x86_64 0.2.0 797.50 284.84 1082.34 OK
r-release-linux-x86_64 0.2.0 804.28 286.35 1090.63 OK
r-release-macos-arm64 0.2.0 340.00 OK
r-release-macos-x86_64 0.2.0 451.00 OK
r-release-windows-x86_64 0.2.0 743.00 359.00 1102.00 OK
r-oldrel-macos-arm64 0.2.0 198.00 NOTE
r-oldrel-macos-x86_64 0.2.0 208.00 NOTE
r-oldrel-windows-x86_64 0.2.0 794.00 424.00 1218.00 NOTE

Check Details

Version: 0.2.0
Check: installed package size
Result: NOTE installed size is 96.6Mb sub-directories of 1Mb or more: libs 96.1Mb Flavors: r-oldrel-macos-arm64, r-oldrel-macos-x86_64, r-oldrel-windows-x86_64

Version: 0.2.0
Check: for GNU extensions in Makefiles
Result: NOTE GNU make is a SystemRequirements. Flavors: r-oldrel-macos-arm64, r-oldrel-macos-x86_64, r-oldrel-windows-x86_64