Last updated on 2024-05-10 00:54:53 CEST.
Flavor | Version | Tinstall | Tcheck | Ttotal | Status | Flags |
---|---|---|---|---|---|---|
r-devel-linux-x86_64-debian-clang | 1.0.1 | 4.97 | 30.69 | 35.66 | OK | |
r-devel-linux-x86_64-debian-gcc | 1.0.1 | 3.09 | 23.84 | 26.93 | OK | |
r-devel-linux-x86_64-fedora-clang | 1.0.1 | 45.71 | NOTE | |||
r-devel-linux-x86_64-fedora-gcc | 1.0.1 | 57.93 | NOTE | |||
r-devel-windows-x86_64 | 1.0.1 | 5.00 | 47.00 | 52.00 | OK | |
r-patched-linux-x86_64 | 1.0.1 | 7.84 | 29.56 | 37.40 | OK | |
r-release-linux-x86_64 | 1.0.1 | 2.55 | 30.36 | 32.91 | OK | |
r-release-macos-arm64 | 1.0.1 | 24.00 | OK | |||
r-release-windows-x86_64 | 1.0.1 | 5.00 | 47.00 | 52.00 | OK | |
r-oldrel-macos-arm64 | 1.0.1 | 25.00 | OK | |||
r-oldrel-macos-x86_64 | 1.0.1 | 34.00 | OK | |||
r-oldrel-windows-x86_64 | 1.0.1 | 5.00 | 47.00 | 52.00 | OK |
Version: 1.0.1
Check: dependencies in R code
Result: NOTE
Namespaces in Imports field not imported from:
‘httr’ ‘openssl’
All declared Imports should be used.
Flavors: r-devel-linux-x86_64-fedora-clang, r-devel-linux-x86_64-fedora-gcc