Last updated on 2025-10-26 14:50:17 CET.
| Flavor | Version | Tinstall | Tcheck | Ttotal | Status | Flags |
|---|---|---|---|---|---|---|
| r-devel-linux-x86_64-debian-clang | 1.3.5 | 11.32 | 36.82 | 48.14 | OK | |
| r-devel-linux-x86_64-debian-gcc | 1.3.5 | 6.53 | 29.49 | 36.02 | OK | |
| r-devel-linux-x86_64-fedora-clang | 1.3.5 | 19.00 | 50.54 | 69.54 | NOTE | |
| r-devel-linux-x86_64-fedora-gcc | 1.3.5 | 22.00 | 61.50 | 83.50 | NOTE | |
| r-devel-windows-x86_64 | 1.3.5 | 10.00 | 67.00 | 77.00 | OK | |
| r-patched-linux-x86_64 | 1.3.5 | 9.71 | 33.79 | 43.50 | OK | |
| r-release-linux-x86_64 | 1.3.5 | 9.37 | 33.77 | 43.14 | OK | |
| r-release-macos-arm64 | 1.3.5 | 4.00 | 27.00 | 31.00 | OK | |
| r-release-macos-x86_64 | 1.3.5 | 8.00 | 51.00 | 59.00 | OK | |
| r-release-windows-x86_64 | 1.3.5 | 10.00 | 60.00 | 70.00 | OK | |
| r-oldrel-macos-arm64 | 1.3.5 | 4.00 | 30.00 | 34.00 | OK | |
| r-oldrel-macos-x86_64 | 1.3.5 | 9.00 | 51.00 | 60.00 | OK | |
| r-oldrel-windows-x86_64 | 1.3.5 | 15.00 | 67.00 | 82.00 | OK |
Version: 1.3.5
Check: dependencies in R code
Result: NOTE
Namespace in Imports field not imported from: ‘curl’
All declared Imports should be used.
Flavors: r-devel-linux-x86_64-fedora-clang, r-devel-linux-x86_64-fedora-gcc