Last updated on 2025-10-31 15:48:31 CET.
| Flavor | Version | Tinstall | Tcheck | Ttotal | Status | Flags | 
|---|---|---|---|---|---|---|
| r-devel-linux-x86_64-debian-clang | 0.2.1 | 1.73 | 17.81 | 19.54 | NOTE | |
| r-devel-linux-x86_64-debian-gcc | 0.2.1 | 1.32 | 14.80 | 16.12 | NOTE | |
| r-devel-linux-x86_64-fedora-clang | 0.2.1 | 28.10 | OK | |||
| r-devel-linux-x86_64-fedora-gcc | 0.2.1 | 10.00 | 18.97 | 28.97 | OK | |
| r-devel-windows-x86_64 | 0.2.1 | 3.00 | 33.00 | 36.00 | OK | |
| r-patched-linux-x86_64 | 0.2.1 | 1.55 | 16.65 | 18.20 | OK | |
| r-release-linux-x86_64 | 0.2.1 | 1.39 | 16.41 | 17.80 | OK | |
| r-release-macos-arm64 | 0.2.1 | 1.00 | 13.00 | 14.00 | OK | |
| r-release-macos-x86_64 | 0.2.1 | 2.00 | 28.00 | 30.00 | OK | |
| r-release-windows-x86_64 | 0.2.1 | 2.00 | 34.00 | 36.00 | OK | |
| r-oldrel-macos-arm64 | 0.2.1 | 1.00 | 17.00 | 18.00 | OK | |
| r-oldrel-macos-x86_64 | 0.2.1 | 2.00 | 20.00 | 22.00 | OK | |
| r-oldrel-windows-x86_64 | 0.2.1 | 3.00 | 33.00 | 36.00 | OK | 
Version: 0.2.1
Check: CRAN incoming feasibility
Result: NOTE
  Maintainer: ‘Dr. Sandip Garai <sandipnicksandy@gmail.com>’
  
  No Authors@R field in DESCRIPTION.
  Please add one, modifying
    Authors@R: person(given = c("Dr.", "Sandip"),
                      family = "Garai",
                      role = c("aut", "cre"),
                      email = "sandipnicksandy@gmail.com")
  as necessary.
Flavors: r-devel-linux-x86_64-debian-clang, r-devel-linux-x86_64-debian-gcc