Last updated on 2024-05-11 12:47:54 CEST.
Flavor | Version | Tinstall | Tcheck | Ttotal | Status | Flags |
---|---|---|---|---|---|---|
r-devel-linux-x86_64-debian-clang | 1.2.0 | 100.86 | 286.46 | 387.32 | OK | |
r-devel-linux-x86_64-debian-gcc | 1.2.0 | 72.36 | 208.60 | 280.96 | OK | |
r-devel-linux-x86_64-fedora-clang | 1.2.0 | 506.33 | OK | |||
r-devel-linux-x86_64-fedora-gcc | 1.2.0 | 510.20 | OK | |||
r-devel-windows-x86_64 | 1.2.0 | 70.00 | 234.00 | 304.00 | OK | |
r-patched-linux-x86_64 | 1.2.0 | 69.42 | 272.86 | 342.28 | OK | |
r-release-linux-x86_64 | 1.2.0 | 66.30 | 270.31 | 336.61 | OK | |
r-release-macos-arm64 | 1.2.0 | 131.00 | NOTE | |||
r-release-macos-x86_64 | 1.2.0 | 365.00 | NOTE | |||
r-release-windows-x86_64 | 1.2.0 | 73.00 | 231.00 | 304.00 | OK | |
r-oldrel-macos-arm64 | 1.2.0 | 146.00 | NOTE | |||
r-oldrel-macos-x86_64 | 1.2.0 | 316.00 | NOTE | |||
r-oldrel-windows-x86_64 | 1.2.0 | 89.00 | 308.00 | 397.00 | OK |
Version: 1.2.0
Check: installed package size
Result: NOTE
installed size is 5.2Mb
sub-directories of 1Mb or more:
help 1.1Mb
libs 3.0Mb
Flavors: r-release-macos-arm64, r-release-macos-x86_64, r-oldrel-macos-arm64, r-oldrel-macos-x86_64